{"id":189,"date":"2024-09-02T14:44:55","date_gmt":"2024-09-02T12:44:55","guid":{"rendered":"https:\/\/vrtecskofije.splet.arnes.si\/?page_id=189"},"modified":"2025-04-28T10:57:21","modified_gmt":"2025-04-28T08:57:21","slug":"vizitka","status":"publish","type":"page","link":"https:\/\/vrtec-skofije.si\/?page_id=189","title":{"rendered":"Vizitka"},"content":{"rendered":"<p><img loading=\"lazy\" decoding=\"async\" class=\" wp-image-191 aligncenter\" src=\"https:\/\/vrtec-skofije.si\/files\/2025\/02\/logo-vrtec.gif\" alt=\"\" width=\"218\" height=\"163\"><\/p>\n<p style=\"text-align: center;font-family: 'Tillana'\"><strong>Vrtec in \u0161ola \u2013 u\u010de\u010di se skupnosti<\/strong><\/p>\n<p style=\"text-align: center;font-family: 'Tillana';color: #ef732b\">Socialno-\u010dustveni in kognitivni razvoj v raznolikosti sta na\u0161a prilo\u017enost, varnost in vklju\u010denost je na\u0161 cilj,<br \/>\nizkustveno in sodelovalno u\u010denje s formativnim spremljanjem pa pot do varnega, spodbudnega, sodobnega in vklju\u010dujo\u010dega u\u010dnega okolja.<\/p>\n<hr>\n<p>&nbsp;<\/p>\n<p><strong>VRTEC PRI O\u0160 OSKARJA KOVA\u010cI\u010cA \u0160KOFIJE<br \/>\nTajni\u0161tvo \u0161ole in vrtca:<\/strong> <a href=\"tel:056626570\" rel=\"nofollow\">(05) 662 65 70<\/a>, <a href=\"tel:040567775\" rel=\"nofollow\">040 567 775<\/a><br \/>\n<strong>E-po\u0161ta:<\/strong> <a role=\"link\" href=\"mailto:o-okskofije.kp@guest.arnes.si\">o-okskofije.kp@guest.arnes.si<\/a><\/p>\n<p><img loading=\"lazy\" decoding=\"async\" class=\"wp-image-190 alignleft\" src=\"https:\/\/vrtec-skofije.si\/files\/2025\/02\/pismo.png\" alt=\"\" width=\"54\" height=\"40\">Spodnje \u0160kofije 40d<br \/>\n6281 \u0160kofije<\/p>\n<p><img loading=\"lazy\" decoding=\"async\" class=\"alignnone wp-image-261\" src=\"https:\/\/vrtec-skofije.si\/files\/2025\/02\/kontakt.png\" alt=\"\" width=\"59\" height=\"33\"> &nbsp;&nbsp; <a href=\"https:\/\/vrtec-skofije.si\/?page_id=238\" target=\"_blank\" rel=\"noopener\"><span style=\"color: #ff6600\"><strong>Kontakti skupin<\/strong><\/span><\/a><\/p>\n<p><img loading=\"lazy\" decoding=\"async\" class=\"wp-image-204 alignleft\" src=\"https:\/\/vrtec-skofije.si\/files\/2025\/02\/cas.png\" alt=\"\" width=\"50\" height=\"48\"><\/p>\n<p><strong><br \/>\n&nbsp; Uradne ure:<\/strong>&nbsp; PON &#8211; PET: 7.00 &#8211; 15.00<br \/>\n&nbsp;<br \/>\n<a href=\"https:\/\/maps.app.goo.gl\/b5M1F2QaD7fkVGSF7\" target=\"_blank\" rel=\"noopener\"><img loading=\"lazy\" decoding=\"async\" class=\"wp-image-207 alignleft\" src=\"https:\/\/vrtec-skofije.si\/files\/2025\/02\/tocka.png\" alt=\"\" width=\"59\" height=\"52\"><\/a><br \/>\n<a href=\"https:\/\/maps.app.goo.gl\/b5M1F2QaD7fkVGSF7\" target=\"_blank\" rel=\"noopener\">Kako do nas?<\/a><br \/>\n&nbsp;<\/p>\n<hr>\n<p><em>Telefonske \u0161tevilke in e-po\u0161ta:<\/em><\/p>\n<p style=\"padding-left: 40px\">Ravnateljica <strong>Eneja Baloh<\/strong>:<br \/>\n(05) 66 26 571, 040 608 344, ravnateljica@sola-skofije.si<\/p>\n<p style=\"padding-left: 40px\">Svetovalna delavka in pomo\u010dnica ravnateljice <strong>Karmen Mekota<\/strong>:<br \/>\n(05) 66 26 587, 040 490 571, karmen.mekota@vrtec-skofije.si<\/p>\n<p style=\"padding-left: 40px\">Organizacijska vodja <strong>Katja Pohlen<\/strong>:<br \/>\n040 490 509, katja.pohlen@vrtec-skofije.si<\/p>\n<p style=\"padding-left: 40px\"><strong>Tajni\u0161tvo \u0161ole in vrtca<\/strong>: Sanela Gro\u0161i\u0107, Nevenka Brejc, Teja Zudi\u010d<br \/>\n(05) 6626 570, 040 567 775, o-okskofije.kp@guest.arnes.si<\/p>\n<p style=\"padding-left: 40px\">Kuhinja &#8211; vodja prehrane: <strong>Nika Renko&nbsp;<\/strong><br \/>\n(05) 662 65 75, 040 490 503, nika.renko@guest.arnes.si<\/p>\n<hr>\n<p>ID za DDV: <strong>SI39097293<\/strong><\/p>\n<p>Mati\u010dna \u0161tevilka: <strong>5084822000<\/strong><\/p>\n<p>TRR: <strong>SI56 0125 0603 0656 895<\/strong> (Banka Slovenije)<\/p>\n<hr>\n<p><strong>Ustanovitelj:<\/strong> Mestna Ob\u010dina Koper<\/p>\n","protected":false},"excerpt":{"rendered":"<p>Vrtec in \u0161ola \u2013 u\u010de\u010di se skupnosti Socialno-\u010dustveni in kognitivni razvoj v raznolikosti sta na\u0161a prilo\u017enost, varnost in vklju\u010denost je na\u0161 cilj, izkustveno in sodelovalno u\u010denje s formativnim spremljanjem pa [&hellip;]<\/p>\n","protected":false},"author":58769,"featured_media":313,"parent":0,"menu_order":0,"comment_status":"closed","ping_status":"closed","template":"","meta":{"ngg_post_thumbnail":0,"footnotes":""},"class_list":["post-189","page","type-page","status-publish","has-post-thumbnail","hentry"],"_links":{"self":[{"href":"https:\/\/vrtec-skofije.si\/index.php?rest_route=\/wp\/v2\/pages\/189","targetHints":{"allow":["GET"]}}],"collection":[{"href":"https:\/\/vrtec-skofije.si\/index.php?rest_route=\/wp\/v2\/pages"}],"about":[{"href":"https:\/\/vrtec-skofije.si\/index.php?rest_route=\/wp\/v2\/types\/page"}],"author":[{"embeddable":true,"href":"https:\/\/vrtec-skofije.si\/index.php?rest_route=\/wp\/v2\/users\/58769"}],"replies":[{"embeddable":true,"href":"https:\/\/vrtec-skofije.si\/index.php?rest_route=%2Fwp%2Fv2%2Fcomments&post=189"}],"version-history":[{"count":15,"href":"https:\/\/vrtec-skofije.si\/index.php?rest_route=\/wp\/v2\/pages\/189\/revisions"}],"predecessor-version":[{"id":662,"href":"https:\/\/vrtec-skofije.si\/index.php?rest_route=\/wp\/v2\/pages\/189\/revisions\/662"}],"wp:featuredmedia":[{"embeddable":true,"href":"https:\/\/vrtec-skofije.si\/index.php?rest_route=\/wp\/v2\/media\/313"}],"wp:attachment":[{"href":"https:\/\/vrtec-skofije.si\/index.php?rest_route=%2Fwp%2Fv2%2Fmedia&parent=189"}],"curies":[{"name":"wp","href":"https:\/\/api.w.org\/{rel}","templated":true}]}}

<p><img loading="lazy" decoding="async" class=" wp-image-191 aligncenter" src="https://vrtec-skofije.si/files/2025/02/logo-vrtec.gif" alt="" width="218" height="163"></p>
<p style="text-align: center;font-family: 'Tillana'"><strong>Vrtec in šola – učeči se skupnosti</strong></p>
<p style="text-align: center;font-family: 'Tillana';color: #ef732b">Socialno-čustveni in kognitivni razvoj v raznolikosti sta naša priložnost, varnost in vključenost je naš cilj,<br />
izkustveno in sodelovalno učenje s formativnim spremljanjem pa pot do varnega, spodbudnega, sodobnega in vključujočega učnega okolja.</p>
<hr>
<p>&nbsp;</p>
<p><strong>VRTEC PRI OŠ OSKARJA KOVAČIČA ŠKOFIJE<br />
Tajništvo šole in vrtca:</strong> <a href="tel:056626570" rel="nofollow">(05) 662 65 70</a>, <a href="tel:040567775" rel="nofollow">040 567 775</a><br />
<strong>E-pošta:</strong> <a role="link" href="mailto:o-okskofije.kp@guest.arnes.si">o-okskofije.kp@guest.arnes.si</a></p>
<p><img loading="lazy" decoding="async" class="wp-image-190 alignleft" src="https://vrtec-skofije.si/files/2025/02/pismo.png" alt="" width="54" height="40">Spodnje Škofije 40d<br />
6281 Škofije</p>
<p><img loading="lazy" decoding="async" class="alignnone wp-image-261" src="https://vrtec-skofije.si/files/2025/02/kontakt.png" alt="" width="59" height="33"> &nbsp;&nbsp; <a href="https://vrtec-skofije.si/?page_id=238" target="_blank" rel="noopener"><span style="color: #ff6600"><strong>Kontakti skupin</strong></span></a></p>
<p><img loading="lazy" decoding="async" class="wp-image-204 alignleft" src="https://vrtec-skofije.si/files/2025/02/cas.png" alt="" width="50" height="48"></p>
<p><strong><br />
&nbsp; Uradne ure:</strong>&nbsp; PON &#8211; PET: 7.00 &#8211; 15.00<br />
&nbsp;<br />
<a href="https://maps.app.goo.gl/b5M1F2QaD7fkVGSF7" target="_blank" rel="noopener"><img loading="lazy" decoding="async" class="wp-image-207 alignleft" src="https://vrtec-skofije.si/files/2025/02/tocka.png" alt="" width="59" height="52"></a><br />
<a href="https://maps.app.goo.gl/b5M1F2QaD7fkVGSF7" target="_blank" rel="noopener">Kako do nas?</a><br />
&nbsp;</p>
<hr>
<p><em>Telefonske številke in e-pošta:</em></p>
<p style="padding-left: 40px">Ravnateljica <strong>Eneja Baloh</strong>:<br />
(05) 66 26 571, 040 608 344, ravnateljica@sola-skofije.si</p>
<p style="padding-left: 40px">Svetovalna delavka in pomočnica ravnateljice <strong>Karmen Mekota</strong>:<br />
(05) 66 26 587, 040 490 571, karmen.mekota@vrtec-skofije.si</p>
<p style="padding-left: 40px">Organizacijska vodja <strong>Katja Pohlen</strong>:<br />
040 490 509, katja.pohlen@vrtec-skofije.si</p>
<p style="padding-left: 40px"><strong>Tajništvo šole in vrtca</strong>: Sanela Grošić, Nevenka Brejc, Teja Zudič<br />
(05) 6626 570, 040 567 775, o-okskofije.kp@guest.arnes.si</p>
<p style="padding-left: 40px">Kuhinja &#8211; vodja prehrane: <strong>Nika Renko&nbsp;</strong><br />
(05) 662 65 75, 040 490 503, nika.renko@guest.arnes.si</p>
<hr>
<p>ID za DDV: <strong>SI39097293</strong></p>
<p>Matična številka: <strong>5084822000</strong></p>
<p>TRR: <strong>SI56 0125 0603 0656 895</strong> (Banka Slovenije)</p>
<hr>
<p><strong>Ustanovitelj:</strong> Mestna Občina Koper</p>

<p>Vrtec in šola – učeči se skupnosti Socialno-čustveni in kognitivni razvoj v raznolikosti sta naša priložnost, varnost in vključenost je naš cilj, izkustveno in sodelovalno učenje s formativnim spremljanjem pa [&hellip;]</p>
