{"id":352,"date":"2024-10-14T15:45:47","date_gmt":"2024-10-14T13:45:47","guid":{"rendered":"https:\/\/vrtecskofije.splet.arnes.si\/?page_id=352"},"modified":"2026-03-30T23:01:19","modified_gmt":"2026-03-30T21:01:19","slug":"cenik-stortitev","status":"publish","type":"page","link":"https:\/\/vrtec-skofije.si\/?page_id=352","title":{"rendered":"Cenik stortitev"},"content":{"rendered":"<p><img loading=\"lazy\" decoding=\"async\" class=\"alignnone wp-image-431\" src=\"https:\/\/vrtec-skofije.si\/files\/2025\/02\/info-pr.png\" alt=\"\" width=\"50\" height=\"41\"><a href=\"https:\/\/solaskofije.splet.arnes.si\/cenik-solskih-storitev-os-oskarja-kovacica-skofije\/\" target=\"_blank\" rel=\"noopener\">na povezavi (O\u0160 \u0160kofije)<\/a><\/p>\n<p><a href=\"https:\/\/vrtec-skofije.si\/files\/2026\/03\/Izjava-o-nacinu-placevanja.pdf\" target=\"_blank\" rel=\"noopener\"><img loading=\"lazy\" decoding=\"async\" class=\"alignnone wp-image-431\" src=\"https:\/\/vrtec-skofije.si\/files\/2025\/02\/info-pr.png\" alt=\"\" width=\"50\" height=\"41\">Izjava o na\u010dinu pla\u010devanja <\/a><span style=\"color: #003366\">(pdf dokument)<\/span><\/p>\n<p><code><div class=\"df-element df-lite\"  data-slug=\"cenik-storitev\" data-_slug=\"cenik-storitev\" data-title=\"cenik-storitev\" id=\"df_488\" data-option=\"df_option_488\" ><\/div><script class=\"df-shortcode-script\" type=\"application\/javascript\">window.df_option_488 = {\"source\":\"\\\/files\\\/2026\\\/03\\\/CENIK_2025_26.pdf\",\"slug\":\"cenik-storitev\",\"id\":488}; if(window.DEARPDF && window.DEARPDF.parseElements){window.DEARPDF.parseElements();}<\/script><\/code><\/p>\n","protected":false},"excerpt":{"rendered":"<p>na povezavi (O\u0160 \u0160kofije) Izjava o na\u010dinu pla\u010devanja (pdf dokument)<\/p>\n","protected":false},"author":58769,"featured_media":0,"parent":0,"menu_order":0,"comment_status":"closed","ping_status":"closed","template":"","meta":{"ngg_post_thumbnail":0,"footnotes":""},"class_list":["post-352","page","type-page","status-publish","hentry"],"_links":{"self":[{"href":"https:\/\/vrtec-skofije.si\/index.php?rest_route=\/wp\/v2\/pages\/352","targetHints":{"allow":["GET"]}}],"collection":[{"href":"https:\/\/vrtec-skofije.si\/index.php?rest_route=\/wp\/v2\/pages"}],"about":[{"href":"https:\/\/vrtec-skofije.si\/index.php?rest_route=\/wp\/v2\/types\/page"}],"author":[{"embeddable":true,"href":"https:\/\/vrtec-skofije.si\/index.php?rest_route=\/wp\/v2\/users\/58769"}],"replies":[{"embeddable":true,"href":"https:\/\/vrtec-skofije.si\/index.php?rest_route=%2Fwp%2Fv2%2Fcomments&post=352"}],"version-history":[{"count":11,"href":"https:\/\/vrtec-skofije.si\/index.php?rest_route=\/wp\/v2\/pages\/352\/revisions"}],"predecessor-version":[{"id":1541,"href":"https:\/\/vrtec-skofije.si\/index.php?rest_route=\/wp\/v2\/pages\/352\/revisions\/1541"}],"wp:attachment":[{"href":"https:\/\/vrtec-skofije.si\/index.php?rest_route=%2Fwp%2Fv2%2Fmedia&parent=352"}],"curies":[{"name":"wp","href":"https:\/\/api.w.org\/{rel}","templated":true}]}}