{"id":442,"date":"2025-02-15T19:57:08","date_gmt":"2025-02-15T18:57:08","guid":{"rendered":"https:\/\/vrtecskofije.splet.arnes.si\/?page_id=442"},"modified":"2025-02-15T19:57:08","modified_gmt":"2025-02-15T18:57:08","slug":"uvajanje-otroka-v-vrtec","status":"publish","type":"page","link":"https:\/\/vrtec-skofije.si\/?page_id=442","title":{"rendered":"Uvajanje otroka v vrtec"},"content":{"rendered":"<ul>\n<li>Priporo\u010dljivo je, da star\u0161i za uvajanje otroka v vrtec vzamete nekaj dni dopusta, da mu bivanje v vrtcu predstavite kot nekaj lepega.<\/li>\n<li>Otrok bo nekaj \u010dasa ob\u010dutljivej\u0161i, zato bo potreboval ve\u010d pozornosti, ne\u017enosti.<\/li>\n<li>Otrok naj v vrtec prinese svojo priljubljeno igra\u010do (ne premajhne, da se je ne zalo\u017ei ali pogoltne).<\/li>\n<li>Star\u0161i naj ne bi prvi dan otroka pu\u0161\u010dali predolgo v vrtcu.<\/li>\n<li>Med uvajanjem v vrtec ne vna\u0161ajte dodatne spremembe pri otroku (npr. odvajanje od stekleni\u010dke, dude, pleni\u010dk \u2026).<\/li>\n<li>Prvi mesec naj otrok \u010dim bolj redno prihaja v vrtec, seveda zdrav.<\/li>\n<li>Otrok naj ima stalen ritem prihodov in odhodov, saj mu to daje ob\u010dutek varnosti.<\/li>\n<li>Star\u0161i otroka spodbujajte, da govori o vrtcu.<\/li>\n<li>Star\u0161i se spro\u0161\u010deno pogovarjajte z vzgojiteljico in pomo\u010dnico vzgojiteljice, saj ju bo otrok tako la\u017eje sprejel.<\/li>\n<li>Star\u0161i se o svojih stiskah pri uvajanju pogovorite z vzgojiteljico in pomo\u010dnico vzgojiteljice. Naj gre za sodelovanje in vzajemno zaupanje.<\/li>\n<li>Pri uvajanju naj bo v igralnici prisoten le en od star\u0161ev (lahko se izmenjujete).<\/li>\n<li>Poslavljanje naj bo \u010dim kraj\u0161e, sicer je za oboje te\u017eje. Slovo star\u0161ev naj bo dokon\u010dno (star\u0161i z vra\u010danjem k otroku v igralnico ote\u017eujete \u017ee tako stresno situacijo). Potrudimo se, da prihod otroka v vrtec ne bo agonija. Zagotavljamo Vam, da je strokovno osebje izku\u0161eno tudi na tem podro\u010dju.<\/li>\n<li>Otroku povejte, da je v vrtcu lepo in ste ga zato v vrtec tudi pripeljali. Poka\u017eite mu, kako zelo ga imate radi in povejte mu, da ga boste pri\u0161li zagotovo iskat takoj, ko bo mogo\u010de.<\/li>\n<li>Za\u010detne te\u017eave ob uvajanju otroka v vrtec bodo kmalu minile.<\/li>\n<li>\u010ce ima otrok kak\u0161no bolezen ali navado, ki bi vplivala na varnost ostalih otrok in\/ali njega samega, morate star\u0161i na to opozoriti vzgojiteljico.<\/li>\n<\/ul>\n<p><img loading=\"lazy\" decoding=\"async\" class=\"size-medium wp-image-121 aligncenter\" src=\"https:\/\/vrtec-skofije.si\/files\/2025\/02\/cropped-otroci1-300x300.png\" alt=\"\" width=\"300\" height=\"300\" srcset=\"https:\/\/vrtec-skofije.si\/files\/2025\/02\/cropped-otroci1-300x300.png 300w, https:\/\/vrtec-skofije.si\/files\/2025\/02\/cropped-otroci1-150x150.png 150w, https:\/\/vrtec-skofije.si\/files\/2025\/02\/cropped-otroci1-270x270.png 270w, https:\/\/vrtec-skofije.si\/files\/2025\/02\/cropped-otroci1-192x192.png 192w, https:\/\/vrtec-skofije.si\/files\/2025\/02\/cropped-otroci1-180x180.png 180w, https:\/\/vrtec-skofije.si\/files\/2025\/02\/cropped-otroci1-32x32.png 32w, https:\/\/vrtec-skofije.si\/files\/2025\/02\/cropped-otroci1.png 512w\" sizes=\"auto, (max-width: 300px) 100vw, 300px\" \/><\/p>\n","protected":false},"excerpt":{"rendered":"<p>Priporo\u010dljivo je, da star\u0161i za uvajanje otroka v vrtec vzamete nekaj dni dopusta, da mu bivanje v vrtcu predstavite kot nekaj lepega. Otrok bo nekaj \u010dasa ob\u010dutljivej\u0161i, zato bo potreboval [&hellip;]<\/p>\n","protected":false},"author":58769,"featured_media":0,"parent":0,"menu_order":0,"comment_status":"closed","ping_status":"closed","template":"","meta":{"ngg_post_thumbnail":0,"footnotes":""},"class_list":["post-442","page","type-page","status-publish","hentry"],"_links":{"self":[{"href":"https:\/\/vrtec-skofije.si\/index.php?rest_route=\/wp\/v2\/pages\/442","targetHints":{"allow":["GET"]}}],"collection":[{"href":"https:\/\/vrtec-skofije.si\/index.php?rest_route=\/wp\/v2\/pages"}],"about":[{"href":"https:\/\/vrtec-skofije.si\/index.php?rest_route=\/wp\/v2\/types\/page"}],"author":[{"embeddable":true,"href":"https:\/\/vrtec-skofije.si\/index.php?rest_route=\/wp\/v2\/users\/58769"}],"replies":[{"embeddable":true,"href":"https:\/\/vrtec-skofije.si\/index.php?rest_route=%2Fwp%2Fv2%2Fcomments&post=442"}],"version-history":[{"count":1,"href":"https:\/\/vrtec-skofije.si\/index.php?rest_route=\/wp\/v2\/pages\/442\/revisions"}],"predecessor-version":[{"id":443,"href":"https:\/\/vrtec-skofije.si\/index.php?rest_route=\/wp\/v2\/pages\/442\/revisions\/443"}],"wp:attachment":[{"href":"https:\/\/vrtec-skofije.si\/index.php?rest_route=%2Fwp%2Fv2%2Fmedia&parent=442"}],"curies":[{"name":"wp","href":"https:\/\/api.w.org\/{rel}","templated":true}]}}

<ul>
<li>Priporočljivo je, da starši za uvajanje otroka v vrtec vzamete nekaj dni dopusta, da mu bivanje v vrtcu predstavite kot nekaj lepega.</li>
<li>Otrok bo nekaj časa občutljivejši, zato bo potreboval več pozornosti, nežnosti.</li>
<li>Otrok naj v vrtec prinese svojo priljubljeno igračo (ne premajhne, da se je ne založi ali pogoltne).</li>
<li>Starši naj ne bi prvi dan otroka puščali predolgo v vrtcu.</li>
<li>Med uvajanjem v vrtec ne vnašajte dodatne spremembe pri otroku (npr. odvajanje od stekleničke, dude, pleničk …).</li>
<li>Prvi mesec naj otrok čim bolj redno prihaja v vrtec, seveda zdrav.</li>
<li>Otrok naj ima stalen ritem prihodov in odhodov, saj mu to daje občutek varnosti.</li>
<li>Starši otroka spodbujajte, da govori o vrtcu.</li>
<li>Starši se sproščeno pogovarjajte z vzgojiteljico in pomočnico vzgojiteljice, saj ju bo otrok tako lažje sprejel.</li>
<li>Starši se o svojih stiskah pri uvajanju pogovorite z vzgojiteljico in pomočnico vzgojiteljice. Naj gre za sodelovanje in vzajemno zaupanje.</li>
<li>Pri uvajanju naj bo v igralnici prisoten le en od staršev (lahko se izmenjujete).</li>
<li>Poslavljanje naj bo čim krajše, sicer je za oboje težje. Slovo staršev naj bo dokončno (starši z vračanjem k otroku v igralnico otežujete že tako stresno situacijo). Potrudimo se, da prihod otroka v vrtec ne bo agonija. Zagotavljamo Vam, da je strokovno osebje izkušeno tudi na tem področju.</li>
<li>Otroku povejte, da je v vrtcu lepo in ste ga zato v vrtec tudi pripeljali. Pokažite mu, kako zelo ga imate radi in povejte mu, da ga boste prišli zagotovo iskat takoj, ko bo mogoče.</li>
<li>Začetne težave ob uvajanju otroka v vrtec bodo kmalu minile.</li>
<li>Če ima otrok kakšno bolezen ali navado, ki bi vplivala na varnost ostalih otrok in/ali njega samega, morate starši na to opozoriti vzgojiteljico.</li>
</ul>
<p><img loading="lazy" decoding="async" class="size-medium wp-image-121 aligncenter" src="https://vrtec-skofije.si/files/2025/02/cropped-otroci1-300x300.png" alt="" width="300" height="300" srcset="https://vrtec-skofije.si/files/2025/02/cropped-otroci1-300x300.png 300w, https://vrtec-skofije.si/files/2025/02/cropped-otroci1-150x150.png 150w, https://vrtec-skofije.si/files/2025/02/cropped-otroci1-270x270.png 270w, https://vrtec-skofije.si/files/2025/02/cropped-otroci1-192x192.png 192w, https://vrtec-skofije.si/files/2025/02/cropped-otroci1-180x180.png 180w, https://vrtec-skofije.si/files/2025/02/cropped-otroci1-32x32.png 32w, https://vrtec-skofije.si/files/2025/02/cropped-otroci1.png 512w" sizes="auto, (max-width: 300px) 100vw, 300px" /></p>

<p>Priporočljivo je, da starši za uvajanje otroka v vrtec vzamete nekaj dni dopusta, da mu bivanje v vrtcu predstavite kot nekaj lepega. Otrok bo nekaj časa občutljivejši, zato bo potreboval [&hellip;]</p>
