{"id":448,"date":"2025-02-15T20:17:17","date_gmt":"2025-02-15T19:17:17","guid":{"rendered":"https:\/\/vrtecskofije.splet.arnes.si\/?page_id=448"},"modified":"2025-02-15T22:34:47","modified_gmt":"2025-02-15T21:34:47","slug":"dan-v-vrtcu","status":"publish","type":"page","link":"https:\/\/vrtec-skofije.si\/?page_id=448","title":{"rendered":"Dan v vrtcu"},"content":{"rendered":"<p>Organizacija \u017eivljenja v vrtcu zahteva fleksibilen dnevni red v oddelkih. Okvirni dnevni red poteka:<\/p>\n<ul>\n<li>&nbsp;6.30 do 7.00 &#8211; zbiranje vseh otrok vrtca v za to dolo\u010deni igralnici.<\/li>\n<li>7.00 do 7.30 \u2013 zbiranje otrok v dveh igralnicah (stari in novi del vrtca).<\/li>\n<li>7.30 do 15.30<br \/>\n&#8211; igralne dejavnosti, po\u010ditek za otroke, ki to \u017eelijo, potrebujejo;<br \/>\n&#8211; priprava na zajtrk s higienskimi opravili, rutina, zajtrk ob 8.30;<br \/>\n&#8211; na\u010drtovane, vodene vzgojne dejavnosti za otrokov vsestranski razvoj, vklju\u010dno z gibanjem na prostem, s sprehodi, z razli\u010dnimi ogledi, obiski in prireditvami;<br \/>\n&#8211; priprava na kosilo s higienskimi opravili, kosilo ob 11.30 (za Pol\u017ee po potrebi ob 11.15) in ob 12.15 (Mravlje, Sove);<br \/>\n&#8211; sledi umivanje, priprava na po\u010ditek oz. umirjene\/sprostitvene dejavnosti po koti\u010dkih v igralnici;<br \/>\n&#8211; popoldanska malica, igralne dejavnosti v prostorih vrtca ali na prostem.<\/li>\n<li>15.30 do 16.00 &#8211; skupine so zdru\u017eene glede na \u0161tevilo otrok.<\/li>\n<li>16.00 do 16.30 &#8211; otroci so zdru\u017eeni in \u010dakajo na star\u0161e v igralnici, kjer poteka tudi jutranje zbiranje<\/li>\n<\/ul>\n<p><img loading=\"lazy\" decoding=\"async\" class=\"alignnone wp-image-520 size-full\" src=\"https:\/\/vrtec-skofije.si\/files\/2025\/02\/dan-v-vposoks.png\" alt=\"\" width=\"1115\" height=\"661\" srcset=\"https:\/\/vrtec-skofije.si\/files\/2025\/02\/dan-v-vposoks.png 1115w, https:\/\/vrtec-skofije.si\/files\/2025\/02\/dan-v-vposoks-300x178.png 300w, https:\/\/vrtec-skofije.si\/files\/2025\/02\/dan-v-vposoks-1024x607.png 1024w, https:\/\/vrtec-skofije.si\/files\/2025\/02\/dan-v-vposoks-768x455.png 768w, https:\/\/vrtec-skofije.si\/files\/2025\/02\/dan-v-vposoks-947x561.png 947w, https:\/\/vrtec-skofije.si\/files\/2025\/02\/dan-v-vposoks-624x370.png 624w\" sizes=\"auto, (max-width: 1115px) 100vw, 1115px\" \/><\/p>\n<p>Vrtec posluje od <strong>6.30 do 16.30<\/strong> ure.&nbsp;Ob sobotah, nedeljah in praznikih je zaprt.&nbsp;<\/p>\n<p>V \u010dasu \u0161olskih po\u010ditnic ali \u0161tevil\u010dnej\u0161ih odsotnosti otrok so&nbsp; otroci zdru\u017eeni v enem ali ve\u010d oddelkov.&nbsp; Pri tem upo\u0161tevamo normativ, ki velja za skupino dolo\u010dene starosti.<\/p>\n","protected":false},"excerpt":{"rendered":"<p>Organizacija \u017eivljenja v vrtcu zahteva fleksibilen dnevni red v oddelkih. Okvirni dnevni red poteka: &nbsp;6.30 do 7.00 &#8211; zbiranje vseh otrok vrtca v za to dolo\u010deni igralnici. 7.00 do 7.30 [&hellip;]<\/p>\n","protected":false},"author":58769,"featured_media":0,"parent":0,"menu_order":0,"comment_status":"closed","ping_status":"closed","template":"","meta":{"ngg_post_thumbnail":0,"footnotes":""},"class_list":["post-448","page","type-page","status-publish","hentry"],"_links":{"self":[{"href":"https:\/\/vrtec-skofije.si\/index.php?rest_route=\/wp\/v2\/pages\/448","targetHints":{"allow":["GET"]}}],"collection":[{"href":"https:\/\/vrtec-skofije.si\/index.php?rest_route=\/wp\/v2\/pages"}],"about":[{"href":"https:\/\/vrtec-skofije.si\/index.php?rest_route=\/wp\/v2\/types\/page"}],"author":[{"embeddable":true,"href":"https:\/\/vrtec-skofije.si\/index.php?rest_route=\/wp\/v2\/users\/58769"}],"replies":[{"embeddable":true,"href":"https:\/\/vrtec-skofije.si\/index.php?rest_route=%2Fwp%2Fv2%2Fcomments&post=448"}],"version-history":[{"count":4,"href":"https:\/\/vrtec-skofije.si\/index.php?rest_route=\/wp\/v2\/pages\/448\/revisions"}],"predecessor-version":[{"id":522,"href":"https:\/\/vrtec-skofije.si\/index.php?rest_route=\/wp\/v2\/pages\/448\/revisions\/522"}],"wp:attachment":[{"href":"https:\/\/vrtec-skofije.si\/index.php?rest_route=%2Fwp%2Fv2%2Fmedia&parent=448"}],"curies":[{"name":"wp","href":"https:\/\/api.w.org\/{rel}","templated":true}]}}

<p>Organizacija življenja v vrtcu zahteva fleksibilen dnevni red v oddelkih. Okvirni dnevni red poteka:</p>
<ul>
<li>&nbsp;6.30 do 7.00 &#8211; zbiranje vseh otrok vrtca v za to določeni igralnici.</li>
<li>7.00 do 7.30 – zbiranje otrok v dveh igralnicah (stari in novi del vrtca).</li>
<li>7.30 do 15.30<br />
&#8211; igralne dejavnosti, počitek za otroke, ki to želijo, potrebujejo;<br />
&#8211; priprava na zajtrk s higienskimi opravili, rutina, zajtrk ob 8.30;<br />
&#8211; načrtovane, vodene vzgojne dejavnosti za otrokov vsestranski razvoj, vključno z gibanjem na prostem, s sprehodi, z različnimi ogledi, obiski in prireditvami;<br />
&#8211; priprava na kosilo s higienskimi opravili, kosilo ob 11.30 (za Polže po potrebi ob 11.15) in ob 12.15 (Mravlje, Sove);<br />
&#8211; sledi umivanje, priprava na počitek oz. umirjene/sprostitvene dejavnosti po kotičkih v igralnici;<br />
&#8211; popoldanska malica, igralne dejavnosti v prostorih vrtca ali na prostem.</li>
<li>15.30 do 16.00 &#8211; skupine so združene glede na število otrok.</li>
<li>16.00 do 16.30 &#8211; otroci so združeni in čakajo na starše v igralnici, kjer poteka tudi jutranje zbiranje</li>
</ul>
<p><img loading="lazy" decoding="async" class="alignnone wp-image-520 size-full" src="https://vrtec-skofije.si/files/2025/02/dan-v-vposoks.png" alt="" width="1115" height="661" srcset="https://vrtec-skofije.si/files/2025/02/dan-v-vposoks.png 1115w, https://vrtec-skofije.si/files/2025/02/dan-v-vposoks-300x178.png 300w, https://vrtec-skofije.si/files/2025/02/dan-v-vposoks-1024x607.png 1024w, https://vrtec-skofije.si/files/2025/02/dan-v-vposoks-768x455.png 768w, https://vrtec-skofije.si/files/2025/02/dan-v-vposoks-947x561.png 947w, https://vrtec-skofije.si/files/2025/02/dan-v-vposoks-624x370.png 624w" sizes="auto, (max-width: 1115px) 100vw, 1115px" /></p>
<p>Vrtec posluje od <strong>6.30 do 16.30</strong> ure.&nbsp;Ob sobotah, nedeljah in praznikih je zaprt.&nbsp;</p>
<p>V času šolskih počitnic ali številčnejših odsotnosti otrok so&nbsp; otroci združeni v enem ali več oddelkov.&nbsp; Pri tem upoštevamo normativ, ki velja za skupino določene starosti.</p>

<p>Organizacija življenja v vrtcu zahteva fleksibilen dnevni red v oddelkih. Okvirni dnevni red poteka: &nbsp;6.30 do 7.00 &#8211; zbiranje vseh otrok vrtca v za to določeni igralnici. 7.00 do 7.30 [&hellip;]</p>
