{"id":451,"date":"2025-02-15T20:19:32","date_gmt":"2025-02-15T19:19:32","guid":{"rendered":"https:\/\/vrtecskofije.splet.arnes.si\/?page_id=451"},"modified":"2025-04-28T11:53:10","modified_gmt":"2025-04-28T09:53:10","slug":"svet-starsev","status":"publish","type":"page","link":"https:\/\/vrtec-skofije.si\/?page_id=451","title":{"rendered":"Svet star\u0161ev"},"content":{"rendered":"<p>Svet star\u0161ev je sestavljen tako, da ima v njem vsaka skupina po enega predstavnika&nbsp;in enega namestnika, ki ju star\u0161i izvolijo na roditeljskem sestanku. Mandat \u010dlana v&nbsp;svetu star\u0161ev je dve leti. Lahko je izvoljen ve\u010dkrat.<\/p>\n<p>Predstavniki sveta star\u0161ev so objavljeni v publikaciji vrtca.<\/p>\n<p>Naloge sveta star\u0161ev:<\/p>\n<ul>\n<li>predlaga nadstandardne programe,<\/li>\n<li>daje soglasje k predlogu ravnatelja o nadstandardnih storitvah,<\/li>\n<li>daje mnenje o predlogu razvojnega programa in letnega delovnega na\u010drta,<\/li>\n<li>razpravlja o poro\u010dilih ravnatelja o vzgojnem delu,<\/li>\n<li>obravnava prito\u017ebe star\u0161ev v zvezi z vzgojnim delom,<\/li>\n<li>voli predstavnike v svet \u0161ole,<\/li>\n<li>opravlja naloge v skladu z zakonom in drugimi predpisi.<\/li>\n<\/ul>\n<p><a href=\"https:\/\/solaskofije.splet.arnes.si\/files\/2024\/09\/Poslovnik-sveta-starsev-OS-Skofije.pdf\" target=\"_blank\" rel=\"noopener\">POSLOVNIK SVETA STAR\u0160EV<\/a> (pdf dokument)<\/p>\n<p><img loading=\"lazy\" decoding=\"async\" class=\"wp-image-431 alignleft\" src=\"https:\/\/vrtec-skofije.si\/files\/2025\/02\/info-pr.png\" alt=\"\" width=\"70\" height=\"57\"><\/p>\n<p>&nbsp;<\/p>\n<p><strong>Gradiva sej in zapisniki sestankov<\/strong> &#8211; <a href=\"https:\/\/solaskofije.splet.arnes.si\/svet-starsev\/\" target=\"_blank\" rel=\"noopener\">na povezavi (O\u0160 \u0160kofije)<\/a><\/p>\n","protected":false},"excerpt":{"rendered":"<p>Svet star\u0161ev je sestavljen tako, da ima v njem vsaka skupina po enega predstavnika&nbsp;in enega namestnika, ki ju star\u0161i izvolijo na roditeljskem sestanku. Mandat \u010dlana v&nbsp;svetu star\u0161ev je dve leti. [&hellip;]<\/p>\n","protected":false},"author":58769,"featured_media":0,"parent":0,"menu_order":0,"comment_status":"closed","ping_status":"closed","template":"","meta":{"ngg_post_thumbnail":0,"footnotes":""},"class_list":["post-451","page","type-page","status-publish","hentry"],"_links":{"self":[{"href":"https:\/\/vrtec-skofije.si\/index.php?rest_route=\/wp\/v2\/pages\/451","targetHints":{"allow":["GET"]}}],"collection":[{"href":"https:\/\/vrtec-skofije.si\/index.php?rest_route=\/wp\/v2\/pages"}],"about":[{"href":"https:\/\/vrtec-skofije.si\/index.php?rest_route=\/wp\/v2\/types\/page"}],"author":[{"embeddable":true,"href":"https:\/\/vrtec-skofije.si\/index.php?rest_route=\/wp\/v2\/users\/58769"}],"replies":[{"embeddable":true,"href":"https:\/\/vrtec-skofije.si\/index.php?rest_route=%2Fwp%2Fv2%2Fcomments&post=451"}],"version-history":[{"count":3,"href":"https:\/\/vrtec-skofije.si\/index.php?rest_route=\/wp\/v2\/pages\/451\/revisions"}],"predecessor-version":[{"id":685,"href":"https:\/\/vrtec-skofije.si\/index.php?rest_route=\/wp\/v2\/pages\/451\/revisions\/685"}],"wp:attachment":[{"href":"https:\/\/vrtec-skofije.si\/index.php?rest_route=%2Fwp%2Fv2%2Fmedia&parent=451"}],"curies":[{"name":"wp","href":"https:\/\/api.w.org\/{rel}","templated":true}]}}

Svet staršev

<p>Svet staršev je sestavljen tako, da ima v njem vsaka skupina po enega predstavnika&nbsp;in enega namestnika, ki ju starši izvolijo na roditeljskem sestanku. Mandat člana v&nbsp;svetu staršev je dve leti. Lahko je izvoljen večkrat.</p>
<p>Predstavniki sveta staršev so objavljeni v publikaciji vrtca.</p>
<p>Naloge sveta staršev:</p>
<ul>
<li>predlaga nadstandardne programe,</li>
<li>daje soglasje k predlogu ravnatelja o nadstandardnih storitvah,</li>
<li>daje mnenje o predlogu razvojnega programa in letnega delovnega načrta,</li>
<li>razpravlja o poročilih ravnatelja o vzgojnem delu,</li>
<li>obravnava pritožbe staršev v zvezi z vzgojnim delom,</li>
<li>voli predstavnike v svet šole,</li>
<li>opravlja naloge v skladu z zakonom in drugimi predpisi.</li>
</ul>
<p><a href="https://solaskofije.splet.arnes.si/files/2024/09/Poslovnik-sveta-starsev-OS-Skofije.pdf" target="_blank" rel="noopener">POSLOVNIK SVETA STARŠEV</a> (pdf dokument)</p>
<p><img loading="lazy" decoding="async" class="wp-image-431 alignleft" src="https://vrtec-skofije.si/files/2025/02/info-pr.png" alt="" width="70" height="57"></p>
<p>&nbsp;</p>
<p><strong>Gradiva sej in zapisniki sestankov</strong> &#8211; <a href="https://solaskofije.splet.arnes.si/svet-starsev/" target="_blank" rel="noopener">na povezavi (OŠ Škofije)</a></p>

<p>Svet staršev je sestavljen tako, da ima v njem vsaka skupina po enega predstavnika&nbsp;in enega namestnika, ki ju starši izvolijo na roditeljskem sestanku. Mandat člana v&nbsp;svetu staršev je dve leti. [&hellip;]</p>
